s 6318113 a composite number?
True
Is 11796779 composite?
True
Is 89731631 composite?
True
Is 26858243 a composite number?
False
Is 1270897 a prime number?
True
Is 2742283 a composite number?
False
Is 99368813 prime?
False
Is 3995543 a composite number?
False
Is 1337437 prime?
False
Is 4414847 a composite number?
True
Is 861541 prime?
True
Is 333265459 prime?
False
Is 38297 prime?
False
Is 9707873 a prime number?
False
Is 72892261 composite?
True
Is 177277697 a composite number?
True
Is 8798047 prime?
True
Is 38196503 a prime number?
True
Is 545277641 a prime number?
True
Is 40049783 prime?
False
Is 18752477 a prime number?
True
Is 29338301 a prime number?
True
Is 19267951 a composite number?
True
Is 5367151 a composite number?
True
Is 15191039 a prime number?
False
Is 67567499 prime?
True
Is 401815033 composite?
True
Is 366617261 composite?
False
Is 29682269 composite?
False
Is 105801937 a prime number?
False
Is 60662911 prime?
True
Is 3416341 prime?
False
Is 2412197 composite?
False
Is 1229269 composite?
False
Is 37411289 a composite number?
True
Is 14816227 a prime number?
True
Is 392353033 composite?
False
Is 4372777 a prime number?
True
Is 45715247 a prime number?
True
Is 38879677 prime?
True
Is 65335547 a prime number?
False
Is 20629267 prime?
False
Is 246023 a prime number?
False
Is 12466459 prime?
True
Is 27010817 prime?
True
Is 24369139 prime?
True
Is 8055779 a prime number?
True
Is 116208257 composite?
True
Is 614571 a prime number?
False
Is 25565143 prime?
True
Is 3215963 a prime number?
True
Is 28827005 composite?
True
Is 14323351 composite?
True
Is 201251723 a composite number?
False
Is 5741149 composite?
False
Is 1961129 a prime number?
True
Is 821823467 a prime number?
False
Is 31769193 a prime number?
False
Is 5194363 a composite number?
True
Is 435084787 a composite number?
False
Is 349849783 a prime number?
False
Is 1724939 prime?
False
Is 49642351 composite?
True
Is 4828613 composite?
False
Is 135731389 composite?
False
Is 3701119 composite?
False
Is 2592577 a prime number?
False
Is 17750809 prime?
True
Is 14122753 a composite number?
False
Is 16346017 composite?
True
Is 72876653 a prime number?
True
Is 1026957 a composite number?
True
Is 4805902 a composite number?
True
Is 51208967 composite?
False
Is 141741533 prime?
False
Is 180268711 prime?
False
Is 34961581 prime?
False
Is 350762197 a prime number?
True
Is 61384879 composite?
False
Is 326351 a prime number?
True
Is 43284541 a composite number?
False
Is 31553983 composite?
False
Is 7017157 a composite number?
True
Is 29214421 a composite number?
False
Is 128813 a prime number?
True
Is 38224601 a prime number?
True
Is 331035641 composite?
False
Is 44853833 a prime number?
True
Is 3522374 a composite number?
True
Is 32681921 composite?
False
Is 29194927 composite?
False
Is 5305151 composite?
False
Is 14515351 prime?
True
Is 49132493 a prime number?
True
Is 56043311 prime?
False
Is 12647353 a composite number?
True
Is 855527 prime?
True
Is 29631857 composite?
True
Is 152806879 composite?
True
Is 724615097 a composite number?
True
Is 7027303 a composite number?
False
Is 1546427 a prime number?
False
Is 59945203 composite?
True
Is 1189819 a prime number?
False
Is 24029651 a prime number?
True
Is 67409234 composite?
True
Is 1844023 a prime number?
False
Is 113604539 composite?
False
Is 69022 composite?
True
Is 2984941 a composite number?
True
Is 13774961 a prime number?
True
Is 5205421 prime?
False
Is 4612129 prime?
True
Is 22513391 prime?
True
Is 24861809 composite?
True
Is 86946901 a prime number?
False
Is 29240489 a composite number?
True
Is 8073682 a prime number?
False
Is 145349 composite?
False
Is 115668103 prime?
True
Is 185207731 prime?
True
Is 13931657 a prime number?
False
Is 18682729 prime?
False
Is 39981783 a prime number?
False
Is 348613 a prime number?
False
Is 10868009 a composite number?
False
Is 17320247 a composite number?
True
Is 15619907 prime?
True
Is 1239213 composite?
True
Is 1381837 a prime number?
True
Is 3526801 composite?
True
Is 1122491 prime?
True
Is 3704101 a composite number?
True
Is 15311357 a prime number?
True
Is 1986720173 composite?
False
Is 4407307 a prime number?
True
Is 28637597 composite?
True
Is 58291367 composite?
False
Is 31701257 composite?
True
Is 14661707 a composite number?
False
Is 61509193 prime?
True
Is 1428515353 a prime number?
True
Is 1246283 prime?
True
Is 13971491 a composite number?
False
Is 11324689 prime?
False
Is 102970877 prime?
False
Is 4243543 a prime number?
True
Is 7458907 prime?
True
Is 45344617 prime?
False
Is 1893707 a prime number?
True
Is 21900173 a prime number?
True
Is 9220261 composite?
False
Is 1556983 a composite number?
True
Is 5375471 composite?
True
Is 30707471 prime?
True
Is 1555729 a prime number?
False
Is 849306529 composite?
False
Is 62770843 composite?
False
Is 2743057 composite?
False
Is 24617919 a composite number?
True
Is 1660333 composite?
True
Is 51985631 a composite number?
False
Is 4274722 a composite number?
True
Is 356311 prime?
True
Is 193690531 prime?
False
Is 21926627 prime?
False
Is 150452837 composite?
True
Is 127748689 a prime number?
True
Is 43967251 prime?
False
Is 1870289 composite?
True
Is 10616183 prime?
False
Is 9504361 prime?
True
Is 21886343 a prime number?
True
Is 1234813 a prime number?
True
Is 33051439 composite?
False
Is 186880003 prime?
True
Is 3003635 a prime number?
False
Is 1443499 composite?
True
Is 13226503 prime?
True
Is 2025409 prime?
True
Is 149897851 prime?
False
Is 24659731 a composite number?
False
Is 3549157 composite?
False
Is 9765727 composite?
True
Is 77592617 a prime number?
False
Is 943717 prime?
False
Is 64263889 prime?
True
Is 532409 a composite number?
True
Is 1596311 a prime number?
True
Is 8679059 composite?
False
Is 652969 a composite number?
False
Is 10472083 prime?
True
Is 28343 prime?
False
Is 1129643 a composite number?
False
Is 8256343 a prime number?
False
Is 2599 composite?
True
Is 52796897 prime?
True
Is 1299709 composite?
False
Is 1849381 a composite number?
False
Is 2971223 a prime number?
True
Is 234256306 a composite number?
True
Is 76388449 a composite number?
False
Is 24757309 composite?
False
Is 908723 a prime number?
True
Is 30401047 a prime number?
False
Is 3255073 prime?
False
Is 7663039 a prime number?
False
Is 14723731 a composite number?
True
Is 9247969 prime?
True
Is 7307819 composite?
False
Is 12227519 a composite number?
True
Is 1214986 a composite number?
True
Is 34125151 prime?
False
Is 321833713 prime?
False
Is 45583921 prime?
True
Is 18609023 a composite number?
False
Is 16247977 a prime number?
True
Is 3632359 a composite number?
True
Is 2279861 a composite number?
True
Is 36971303 a composite number?
True
Is 241880623 prime?
True
Is 437521633 prime?
False
Is 5697035 a composite number?
True
Is 26169887 prime?
True
Is 208228261 a composite number?
False
Is 10716739 a prime number?
False
Is 86392931 prime?
True
Is 86973281 a composite number?
True
Is 5230461 composite?
True
Is 9974179 prime?
True
Is 386851 composite?
False
Is 108936103 a prime number?
False
Is 50638897 a prime number?
False
Is 64235585 prime?
False
Is 59499109 composite?
True
Is 22358837 a prime number?
True
Is 140015309 prime?
False
Is 23698283 a composite number?
True
Is 62373461 prime?
False
Is 2551541 a composite number?
True
Is 130111687 prime?
True
Is 3630821 composite?
False
Is 6305171 prime?
True
Is 12044927 a prime number?
False
Is 100151 prime?
True
Is 41115317 prime?
False
Is 9152599 a prime number?
True
Is 999599 a prime number?
True
Is 4497567 a composite number?
True
Is 19573787 prime?
True
Is 7365269 a composite number?
False
Is 4590217 a composite number?
False
Is 6880477 a composite number?
False
Is 18331351 prime?
False
Is 122196211 a composite number?
True
Is 33777371 prime?
True
Is 3130601 prime?
False
Is 162570493 a prime number?
True
Is 3201521 a composite number?
False
Is 310559 composite?
False
Is 56637283 composite?
True
Is 451403 prime?
False
Is 1721339 composite?
False
Is 260320553 a composite number?
False
Is 13377353 composite?
True
Is 3257101 composite?
False
Is 1101049 a prime number?
False
Is 201209621 prime?
True
Is 114562451 composite?
True
Is 144367219 a prime number?
True
Is 652353319 prime?
True
Is 1756939 prim